{"id":42,"date":"2013-06-24T08:10:39","date_gmt":"2013-06-24T06:10:39","guid":{"rendered":"http:\/\/www.toldipanzio.hu\/?page_id=42"},"modified":"2025-11-16T23:06:35","modified_gmt":"2025-11-16T22:06:35","slug":"elerhetosegek","status":"publish","type":"page","link":"http:\/\/www.toldipanzio.hu\/?page_id=42","title":{"rendered":"El\u00e9rhet\u0151s\u00e9gek"},"content":{"rendered":"<h3><strong>Toldi \u00c9tterem \u00e9s Panzi\u00f3<br \/>7761 Koz\u00e1rmisleny, Toldi u. 53.<\/strong><\/h3>\n<p><strong>Nyitva tart\u00e1s:<\/strong><\/p>\n<p><strong>H\u00e9tf\u0151 &#8211; Szombat : 11:00 &#8211; 20:00 (konyhaz\u00e1r\u00e1s: 19:00)<\/strong><br \/><strong>Vas\u00e1rnap: 11:00 -15:00 (konyhaz\u00e1r\u00e1s: 14:30)<\/strong><\/p>\n<p><strong>Figyelem! A nyitvatart\u00e1s ideje \u00fcnnep nap illetve rendezv\u00e9ny eset\u00e9n v\u00e1ltozhat!<\/strong><\/p>\n<p>Nyitvatart\u00e1s v\u00e1ltoztat\u00e1si jog\u00e1t fenntartjuk!<\/p>\n<p><strong>El\u00e9rhet\u0151s\u00e9g:<br \/>72\/370-302<br \/>Web: www.toldipanzio.hu<br \/>E-mail: info@toldipanzio.hu<\/strong><\/p>\n\n\n<p><\/p>\n","protected":false},"excerpt":{"rendered":"<p>Toldi \u00c9tterem \u00e9s Panzi\u00f37761 Koz\u00e1rmisleny, Toldi u. 53. Nyitva tart\u00e1s: H\u00e9tf\u0151 &#8211; Szombat : 11:00 &#8211; 20:00 (konyhaz\u00e1r\u00e1s: 19:00)Vas\u00e1rnap: 11:00 -15:00 (konyhaz\u00e1r\u00e1s: 14:30) Figyelem! A nyitvatart\u00e1s ideje \u00fcnnep nap illetve rendezv\u00e9ny eset\u00e9n v\u00e1ltozhat! Nyitvatart\u00e1s v\u00e1ltoztat\u00e1si jog\u00e1t fenntartjuk! El\u00e9rhet\u0151s\u00e9g:72\/370-302Web: www.toldipanzio.huE-mail: info@toldipanzio.hu<\/p>\n","protected":false},"author":1,"featured_media":0,"parent":0,"menu_order":0,"comment_status":"closed","ping_status":"closed","template":"","meta":{"footnotes":""},"class_list":["post-42","page","type-page","status-publish","hentry"],"_links":{"self":[{"href":"http:\/\/www.toldipanzio.hu\/index.php?rest_route=\/wp\/v2\/pages\/42","targetHints":{"allow":["GET"]}}],"collection":[{"href":"http:\/\/www.toldipanzio.hu\/index.php?rest_route=\/wp\/v2\/pages"}],"about":[{"href":"http:\/\/www.toldipanzio.hu\/index.php?rest_route=\/wp\/v2\/types\/page"}],"author":[{"embeddable":true,"href":"http:\/\/www.toldipanzio.hu\/index.php?rest_route=\/wp\/v2\/users\/1"}],"replies":[{"embeddable":true,"href":"http:\/\/www.toldipanzio.hu\/index.php?rest_route=%2Fwp%2Fv2%2Fcomments&post=42"}],"version-history":[{"count":47,"href":"http:\/\/www.toldipanzio.hu\/index.php?rest_route=\/wp\/v2\/pages\/42\/revisions"}],"predecessor-version":[{"id":10387,"href":"http:\/\/www.toldipanzio.hu\/index.php?rest_route=\/wp\/v2\/pages\/42\/revisions\/10387"}],"wp:attachment":[{"href":"http:\/\/www.toldipanzio.hu\/index.php?rest_route=%2Fwp%2Fv2%2Fmedia&parent=42"}],"curies":[{"name":"wp","href":"https:\/\/api.w.org\/{rel}","templated":true}]}}